git of 97018238?
8
What is the hundreds digit of 398433545?
5
What is the tens digit of 274739779?
7
What is the ten thousands digit of 64435892?
3
What is the millions digit of 84825400?
4
What is the ten thousands digit of 7582600?
8
What is the tens digit of 9799833?
3
What is the hundred thousands digit of 1088898230?
8
What is the ten thousands digit of 7912774674?
7
What is the hundred millions digit of 792434851?
7
What is the tens digit of 469284953?
5
What is the ten millions digit of 1023680199?
2
What is the millions digit of 281668593?
1
What is the tens digit of 1324012510?
1
What is the millions digit of 3209271515?
9
What is the hundreds digit of 64569205?
2
What is the tens digit of 59932523?
2
What is the hundreds digit of 255475055?
0
What is the thousands digit of 142070872?
0
What is the millions digit of 8751836476?
1
What is the millions digit of 434298923?
4
What is the millions digit of 227387633?
7
What is the thousands digit of 2753486?
3
What is the hundred thousands digit of 130839192?
8
What is the thousands digit of 611392930?
2
What is the ten thousands digit of 165218808?
1
What is the millions digit of 55454538?
5
What is the millions digit of 1608153288?
8
What is the hundreds digit of 14000101?
1
What is the hundreds digit of 4073379987?
9
What is the millions digit of 825058842?
5
What is the hundred thousands digit of 65370406?
3
What is the thousands digit of 218141377?
1
What is the thousands digit of 563139765?
9
What is the millions digit of 51495259?
1
What is the hundred thousands digit of 962968537?
9
What is the ten thousands digit of 152437451?
3
What is the ten millions digit of 448102873?
4
What is the thousands digit of 1367550817?
0
What is the hundred thousands digit of 229648498?
6
What is the units digit of 52101674?
4
What is the tens digit of 31759160?
6
What is the ten thousands digit of 1114459902?
5
What is the ten millions digit of 411386010?
1
What is the hundred thousands digit of 372414381?
4
What is the ten millions digit of 2261460492?
6
What is the millions digit of 857320418?
7
What is the units digit of 965116820?
0
What is the tens digit of 1876247651?
5
What is the units digit of 20296842?
2
What is the millions digit of 297379002?
7
What is the hundreds digit of 4512789971?
9
What is the hundreds digit of 228726086?
0
What is the hundred thousands digit of 25537185?
5
What is the units digit of 11717250?
0
What is the thousands digit of 8699632?
9
What is the ten millions digit of 57890922?
5
What is the hundred millions digit of 150179755?
1
What is the millions digit of 4973546009?
3
What is the hundred thousands digit of 144980892?
9
What is the millions digit of 653128762?
3
What is the thousands digit of 1750957302?
7
What is the hundred thousands digit of 13853064?
8
What is the thousands digit of 161662168?
2
What is the hundred thousands digit of 814210199?
2
What is the hundred millions digit of 265155404?
2
What is the ten thousands digit of 214834507?
3
What is the units digit of 405699146?
6
What is the hundred millions digit of 2369848059?
3
What is the ten thousands digit of 82700553?
0
What is the ten millions digit of 903426473?
0
What is the ten millions digit of 282085063?
8
What is the hundred thousands digit of 4537321947?
3
What is the units digit of 180637205?
5
What is the units digit of 511860740?
0
What is the ten thousands digit of 2870446430?
4
What is the millions digit of 25891098?
5
What is the hundreds digit of 172915841?
8
What is the ten millions digit of 1785809742?
8
What is the millions digit of 69831728?
9
What is the hundred thousands digit of 1328123458?
1
What is the hundred millions digit of 6731159299?
7
What is the millions digit of 1389015429?
9
What is the thousands digit of 47468507?
8
What is the ten millions digit of 39409279?
3
What is the units digit of 5544857614?
4
What is the thousands digit of 56144535?
4
What is the hundred thousands digit of 3003532826?
5
What is the hundreds digit of 564619053?
0
What is the hundreds digit of 2744439974?
9
What is the hundred thousands digit of 1681601199?
6
What is the billions digit of 7744115630?
7
What is the hundred thousands digit of 1587205231?
2
What is the millions digit of 15237313?
5
What is the millions digit of 537596159?
7
What is the hundreds digit of 258233882?
8
What is the hundreds digit of 511465031?
0
What is the ten thousands digit of 5969492?
6
What is the thousands digit of 312794695?
4
What is the hundred millions digit of 144913222?
1
What is the ten thousands digit of 107775456?
7
What is the tens digit of 1592769905?
0
What is the hundred thousands digit of 874587107?
5
What is the units digit of 82501078?
8
What is the millions digit of 34587384?
4
What is the thousands digit of 49610038?
0
What is the millions digit of 110295513?
0
What is the tens digit of 136795572?
7
What is the millions digit of 78130873?
8
What is the millions digit of 52947178?
2
What is the units digit of 653715466?
6
What is the hundred millions digit of 164090649?
1
What is the thousands digit of 164459225?
9
What is the millions digit of 265336552?
5
What is the millions digit of 283005437?
3
What is the thousands digit of 109501221?
1
What is the units digit of 507611227?
7
What is the hundreds digit of 171743635?
6
What is the hundred thousands digit of 148179732?
1
What is the ten thousands digit of 2994745806?
4
What is the tens digit of 51873372?
7
What is the hundred millions digit of 3851705310?
8
What is the thousands digit of 351129425?
9
What is the ten thousands digit of 11008264?
0
What is the thousands digit of 90446452?
6
What is the hundred thousands digit of 58610707?
6
What is the ten millions digit of 1390264573?
9
What is the ten thousands digit of 2795258197?
5
What is the ten millions digit of 2055122157?
5
What is the millions digit of 80572028?
0
What is the hundred millions digit of 5153626526?
1
What is the ten millions digit of 89355393?
8
What is the thousands digit of 187361492?
1
What is the hundreds digit of 18899031?
0
What is the tens digit of 1087203362?
6
What is the units digit of 138111549?
9
What is the hundred thousands digit of 158604882?
6
What is the hundreds digit of 475645728?
7
What is the tens digit of 9567756833?
3
What is the hundred millions digit of 824258220?
8
What is the ten millions digit of 394849872?
9
What is the thousands digit of 3033120589?
0
What is the hundred thousands digit of 188595329?
5
What is the ten millions digit of 5772509216?
7
What is the millions digit of 864285803?
4
What is the millions digit of 729945570?
9
What is the millions digit of 4074809160?
4
What is the tens digit of 135456735?
3
What is the millions digit of 1918384738?
8
What is the hundred thousands digit of 90695609?
6
What is the millions digit of 2334638317?
4
What is the hundred thousands digit of 4111109838?
1
What is the hundred thousands digit of 43644399?
6
What is the thousands digit of 2358448537?
8
What is the hundreds digit of 5649623515?
5
What is the thousands digit of 107316263?
6
What is the hundreds digit of 50008745?
7
What is the millions digit of 291630122?
1
What is the ten millions digit of 831669254?
3
What is the tens digit of 17753944?
4
What is the hundreds digit of 312450490?
4
What is the units digit of 237638217?
7
What is the thousands digit of 101448155?
8
What is the thousands digit of 2254835831?
5
What is the ten thousands digit of 391457323?
5
What is the hundred millions digit of 4174836233?
1
What is the hundred millions digit of 4290287612?
2
What is the tens digit of 223506369?
6
What is the ten thousands digit of 2309484483?
8
What is the ten millions digit of 739750375?
3
What is the millions digit of 844057990?
4
What is the ten millions digit of 14682632?
1
What is the hundreds digit of 46678294?
2
What is the billions digit of 3572329727?
3
What is the ten millions digit of 117673559?
1
What is the tens digit of 397187130?
3
What is the ten thousands digit of 89410808?
1
What is the ten thousands digit of 2481092325?
9
What is the units digit of 210029773?
3
What is the ten millions digit of 5204650283?
0
What is the units digit of 1614428?
8
What is the ten thousands digit of 1386086200?
8
What